= f**3 + 6*f**2 - 3*f - 7. Let x = -2565 - -2559. Give q(x).
11
Let u(y) be the first derivative of 0*y - 1/2*y**2 - 75. Calculate u(1).
-1
Let f(g) = -g**2 + 14*g - 10. Let d = -1 + 7. Let b(u) = u - 1. Suppose -7*s + 60 = -67*s. Let q(k) = d*b(k) + s*f(k). Calculate q(3).
-11
Suppose -216 = 4*x + 2*x. Let d = x + -34. Let i = -71 - d. Let l(j) = -12*j**2 + 1. Give l(i).
-11
Let p(c) = -4698*c + 2336*c + 2 + 2325*c + 4*c**2. Calculate p(9).
-7
Let z(k) = 4*k**3 + 85*k**2 + 20*k - 29. Let g be (5/50*35)/(4/(-24)). Determine z(g).
-8
Let h(a) be the first derivative of -3*a**4/2 - a**3/3 + 5*a**2/2 - a + 6765. Give h(2).
-43
Let j(b) = -3*b - 1. Let g(z) = 11*z. Let m = 75 - 76. Let i(x) = m*g(x) - 4*j(x). Calculate i(4).
8
Let j(u) = u**3 - 8*u**2 + 7*u - 8. Suppose -5*w = f + 93, 0 = -4*w + 5*f + 11 - 68. Let o be (-15)/12*2*w/5. Let m = 16 - o. Give j(m).
-8
Let r(f) = -f**3 + 5*f**2 - 6. Let v be 6/(-4 - -10)*-3. Let l(a) = a**2 - a - 1. Let o(k) = k + 9. Let h be o(-8). Let y(w) = h*r(w) + v*l(w). What is y(3)?
-3
Let u(j) = -13*j**3 + 11*j**2 - 4*j - 3. Let v(i) = -10*i**3 + 10*i**2 - 5*i - 3. Let q(f) = -3*u(f) + 4*v(f). What is q(7)?
-59
Let v(l) = l**2 - 162*l + 66*l + 106*l - 99. Give v(6).
-3
Suppose 9*f - 416 = -175 - 169. Let t(h) = -5*h**2 + 41*h + 1. Calculate t(f).
9
Suppose -66*h + 618 = -108. Let a(d) be the third derivative of 0 + 1/3*d**3 + h*d**2 + 0*d - 1/24*d**4 - 1/20*d**5 + 1/120*d**6. Calculate a(3).
-1
Let o be (-1)/5 - (-101)/5. Let g be 10*(56/o - 2). Let c(v) = -16*v - 11. Let r(d) = 7*d + 6. Let h(p) = 4*c(p) + 9*r(p). Calculate h(g).
2
Let c(b) be the first derivative of -1/4*b**4 - 4*b - 5/3*b**3 - 9 - 7/2*b**2. Suppose r = -2*l - 10, 14 = -8*r + 3*r + 2*l. Give c(r).
8
Let r(v) be the third derivative of v**5/30 + 7*v**4/8 + 29*v**3/6 + 648*v**2 + 2. What is r(-8)?
-11
Let z be ((-36)/(-45)*5/2)/((-118)/(-1003)). Let r(l) = -l**2 + 21*l - 93. What is r(z)?
-25
Let f(v) = -9*v**3 - 4*v + 25*v + 0*v - 18*v + v**2 + 2. Calculate f(2).
-60
Let d(u) be the third derivative of -55*u**2 + 0 + 0*u + 1/60*u**5 - 1/3*u**3 + 1/3*u**4. Determine d(-9).
7
Let r(k) = k**2 + k. Let y be 8/(-3) + 6/9. Let q be r(y). Let n(g) be the first derivative of g**4/4 - g**3/3 + g**2/2 - g - 2071. Give n(q).
5
Let m(u) = u**3 + 6*u**2 - 9*u - 7. Let x be (15/(-9))/(4/24*-2). Suppose 2*t + s + 22 = x*s, 0 = 3*t - 5*s + 31. Give m(t).
7
Let x(u) = 30*u**3 - 18 + 10 + 5*u**2 - 3*u**2 + 7 + 6*u**3. What is x(-1)?
-35
Let o(l) = l - 2. Let a be 1 + (3/3 - -7). Let i(f) = 4*f - 24. Let x be i(a). Suppose -16*p = -10*p + x. What is o(p)?
-4
Let x(o) = -13*o + 25. Let a(t) = 95*t - 207. Let i(f) = 2*a(f) + 15*x(f). Calculate i(-14).
31
Let s = -571 + 576. Let j(l) = -3*l - 5*l - 3*l**2 + 2*l**2 + 2*l**2 + s*l - 8. Give j(7).
20
Let a(g) = 124*g**2 + 7*g + 27. Let v(i) = 55*i**2 + 4*i + 12. Let h(w) = 4*a(w) - 9*v(w). Let o be 3/(-2 - (-14)/6). Give h(o).
9
Suppose 2*w - 25 = -21. Suppose 5*r - 8 - 14 = 3*l, 4 = -w*r - 2*l. Let f(a) = 6*a**2 - 2*a + 1. Determine f(r).
21
Let c(p) be the third derivative of p**4/24 - 4*p**3 - 1769*p**2. What is c(-20)?
-44
Let c(o) be the first derivative of -5*o**2/2 - 26*o + 1838. Calculate c(-12).
34
Let d(q) = -2*q. Let c be 204/(-10)*((-76)/12 + 3). Suppose -3*o - 8 = -4*o - 4*z, 3*o + z = c. Suppose 23 = 5*s - 4*k, -5 + o = 3*s - 5*k. What is d(s)?
-6
Suppose 3*d = 4*d - 3. Suppose 2*v + 746 = 4*c, 5*c - 3*c = -5*v + 391. Let k(z) = 1 - 5*z**3 + 6*z**3 - c*z**2 + 184*z**2 + 3*z. Give k(d).
1
Let h(z) = -387*z**2 + 5*z - 2. Let g be h(1). Let s be (-2)/11 - g/176. Let t be s + (-2 - 2) + 2. Let v(b) = b - 7. Calculate v(t).
-7
Let k(y) = 4*y**3 - 6*y**2 - 6*y + 39. Let i be k(4). Suppose -163 = 3*b - i. Let s(q) = -q**2 - 1. Calculate s(b).
-17
Suppose -56*c + 71*c - 15 = 0. Let k(r) = 5*r**3 - 2*r**2 - 8*r + 2. Let w(a) = -a**3 + a**2 + a. Let o = -13 - -19. Let p(g) = c*k(g) + o*w(g). Calculate p(4).
-6
Let z(n) be the second derivative of -13*n**3/6 + 5*n**2 + 6*n + 227. What is z(14)?
-172
Suppose 6*p - 308 - 262 = 0. Suppose -85*r + p*r = 30. Let i(v) = -v + 4. Give i(r).
1
Let i(c) be the second derivative of c**5/20 + 3*c**4/2 + c**3/3 + 14*c**2 - 2*c + 40. Let f be i(-18). Let a(l) = 2*l**2 + 15*l - 2. Calculate a(f).
6
Let y(h) = 3*h**3 + 1. Suppose 0*f + 4*v = 2*f + 6, -2*v = 2*f - 12. Suppose f*a - 15 = -0*a. Suppose a*x = 10*x - 5. Give y(x).
4
Let z(x) = 5727*x + 16 - 2874*x - 2858*x. Determine z(-7).
51
Let l(z) = z**3 - 7*z**2 - 26*z - 23. Let d be l(10). Let t(u) = u**3 - 17*u**2 + 13. Determine t(d).
13
Suppose -f = s + 2, 5*f + 4 = 5*s - 6. Let n be f/(-4)*(20 + -30). Let t(u) be the second derivative of u**4/6 + 5*u**3/6 - 3*u**2 + 3*u. Determine t(n).
19
Let u(p) = -124*p**2 - 9*p + 51. Let n(z) = -55*z**2 - 3*z + 25. Let x(w) = 9*n(w) - 4*u(w). Determine x(-7).
7
Let z(p) = -p**3 - 4*p**2 + p + 6. Let a = -10413 + 10409. Give z(a).
2
Let v(h) = 12*h - 8. Let o be (-1)/((-21)/7*((-78)/27 - -3)). What is v(o)?
28
Let s(z) = z**3 - 18*z**2 + 27. Let q(x) = x**3 - 16*x**2 + 23. Let w(o) = 5*q(o) - 4*s(o). Give w(7).
-42
Let u(o) be the first derivative of -1/3*o**3 - 5*o**2 + 9*o + 149. Calculate u(-10).
9
Let q(j) = -4*j + 18. Suppose -2*l - 24 = -4*p - 44, 2*l + 4*p - 12 = 0. What is q(l)?
-14
Let j(s) be the first derivative of -s**2/2 - 2*s + 2. Suppose q - 681 = 5*o - q, -3*o = -5*q + 420. Let d be 30/o - 102/27. Determine j(d).
2
Let z = 405 - 399. Suppose 5*t - 171 = -4*y, -3*y - 4*t + 123 = -5. Suppose y*m = 41*m + z. Let q(p) = p. Determine q(m).
2
Suppose -4*a + 22 = -w + 61, a + 18 = 3*w. Let r(s) be the second derivative of -2*s**3/3 - 4*s + 9279. Determine r(a).
36
Let y(s) = -3*s**2 + s - 2. Let h be 168/6*(-23)/4. Let d = h - -159. Determine y(d).
-16
Let k = 3996 - 3997. Let q(c) = 3*c**3 - 2*c - 1. Give q(k).
-2
Let r(w) = w. Let b = -6 - -7. Let q be r(b). Let u(i) = -2*i**2 - 5*i - 1. Let s(v) = v. Let k(y) = 5*s(y) + u(y). Calculate k(q).
-3
Let m(h) = 563075*h - 281548*h - 2*h**2 - 281566*h + 15. What is m(-20)?
-5
Let u(l) be the first derivative of 3*l - 1/4*l**4 - 10/3*l**3 - 9/2*l**2 - 59. Calculate u(-9).
3
Let l(s) = -s**3 + 8*s**2 + 7*s + 28. Let p be l(9). Let m = p + -18. Let g(n) = n**2 + 6*n - 10. Give g(m).
6
Let l be ((-3)/8)/(18/(-96)). Let v(x) = 4*x - x**3 + 11 - 5*x - 46*x**l + 63*x**2. Calculate v(17).
-6
Let l be 2 + -5 + (1 - -17). Let q(j) = 16 - 31 + 9*j**2 + l. What is q(-1)?
9
Let f be 403/(-65) + -11 + (4/10)/2. Let z(c) = -c**2 - 18*c - 21. Calculate z(f).
-4
Let d(k) be the second derivative of k**3/6 - 9*k**2/2 + 4*k. Let a be 36/10*((-475)/(-10))/19. Determine d(a).
0
Let r be (4 + (-20)/6)/(1/(-6)). Let s(v) = v**3 + 2*v**2 + 3*v + 4. Let x be s(r). Let w be (3/1)/(24/x). Let q(b) = -b**3 - 6*b**2 - 4*b + 7. What is q(w)?
2
Let y(x) = 3 + 172927*x**2 - 2 - 172935*x**2 - 4 + 1. Calculate y(1).
-10
Let u(r) = -2*r**2 + 4*r + 3. Suppose 3*d - 494 + 518 = 4*j, -2*d - 24 = -4*j. What is u(d)?
3
Let h(s) = -s**2 - 7*s - 10. Let q be 1/(1 + 0) + (-58 - -73). Let n be 2*((-12)/q)/3*12. Let p be h(n). Let v(a) = -a - 9. Determine v(p).
-5
Let a(h) = -h + 13. Suppose 4*p + 64 = 1583*n - 1579*n, 12 = -2*p. Calculate a(n).
3
Let a be (125/(-750))/(1/(-186)). Suppose -a*c - 48*c = -27*c. Let j(x) be the second derivative of x**5/20 - x**4/12 + x**3/6 + 5*x**2/2 - x. What is j(c)?
5
Suppose 19 = f - 0*v - 2*v, v = -5*f + 139. Suppose -w - 37 = -f. Let u(o) = o**2 + 11*o + 3. Calculate u(w).
-7
Let x(a) = -26*a**2 - 8*a + a + 5*a**2 + 4*a - 46 - a**3. Determine x(-21).
17
Let y(t) = t**2 + 5*t + 4. Let f = 39 - 36. Suppose -178 = 4*m - j, 0 = 3*j - f - 3. Let k = -47 - m. Calculate y(k).
-2
Let z(w) be the third derivative of 0 - 1/24*w**4 - 7/6*w**3 + 0*w + 7*w**2. Let r = 0 + -10. Give z(r).
3
Suppose 1 + 20 = 3*o - 3*b, -11 = 2*o + 3*b. Let r(j) = 2*j**2 - 28*j + j**2 - 2*j**o + 24*j + 2. Let x be r(3). Let s(t) = t**3 + 1. Give s(x).
0
Let f(b) = b**2 - 6*b - 6. Let k be -3*(-2 + 1) - (-935 + 1). Let h = -932 + k. Determine f(h).
-11
Let a(g) be the third derivative of g**5/60 - g**4/6 - 8*g**3/3 - 52*g**2. What is a(7)?
5
Let q(z) be the third derivative of -z**5/60 + 7*z**4/12 - 19*z**3/3 - 7*z**2 - 4*z. Calculate q(6).
10
Let o(q) = -q - 1. Let